138
What is the value of (-21 - 39 - -25 - -41) + 1 + 11?
18
Evaluate 179 + -171 + (-46 + (-5 - (-3 - 1)) - -6).
-33
Calculate (118 - (10 - 21)) + -19 + -5 + -12.
93
Evaluate 1347 - 1305 - (59 - -2).
-19
What is the value of -14 + 15 + -48 + (141 - 155)?
-61
14 - (150 + -15 + -155)
34
What is the value of 27 - 85 - -27 - (2 - (-3 - -7))?
-29
What is 49 + -31 - (-3 - (-26 + -3))?
-8
Calculate -38 - ((9 + -4 - (0 + 11)) + 6).
-38
-16 + 17 + 26 + 5
32
-14 + (106 - (7 - -21)) + (0 - 6)
58
Calculate (-29 - -81) + 15 + -6 + 2 + (-7 - -3).
59
What is the value of 150 + 1 - (9279 - 9184)?
56
What is 17 - -3 - -73 - 95?
-2
Calculate -46 + (50 - (14 - -19)).
-29
(-78 - (-52 - -48)) + 43
-31
(-18 - (-15 + -2)) + 6 + (-23 - -3)
-15
Evaluate 552 + -555 + 1 + 12 + 2.
12
What is (-9 - (-7 + 8 + -6)) + -4 + (22 - -5)?
19
Calculate (-7 - (-6 + 49 + -30)) + -16.
-36
(-2 - -112) + -1717 + 1664
57
Calculate 41 + 1 + 55 - 57.
40
What is -1 + 30 - (33 - (-6 + -12 + 38))?
16
Calculate 0 + 1 + (21 - (26 + -10)) + -6.
0
Calculate 0 + -14 - (-1 + 157 - (-4388 + 4457)).
-101
-8 + (-9 - 1) + 7
-11
What is the value of -20 + 0 + 2 + -2 + (21 - 15)?
-14
(135 - 22) + -62 + -61
-10
Evaluate (-1 - 1 - (-31 + (-25 - -62))) + 40.
32
What is 99 - (-14 + -41 - -189)?
-35
What is -9 - (-4 + -11 + -3 - (-4 - 1)) - 74?
-70
What is 1 - (-7 + (-8 - (5 - 2))) - 3?
16
1 + 0 + -8 + 114 + -61 + -79
-33
Calculate (0 - 55) + (66 - (44 - (33 - 34))).
-34
Calculate -20 + 53 + -43 + 60.
50
What is 40 + -160 + 60 + 48?
-12
What is the value of -1 - (12 - 13) - (7 + 1 + -38)?
30
Calculate (98 - 13 - -5 - -9) + -11 + 0.
88
Calculate (4 - -48 - 54) + (-13 - (-1 - 1)) + 2.
-11
What is the value of (29 + -54 + 37 - (12 - 1)) + -3?
-2
What is -66 + 25 + 84 - (-1 + -25)?
69
-180 + 102 + 55 - -118
95
Calculate -15 - (130 + -140 + (-22 - 0)).
17
What is 88 - 8 - (-1 + 0 - (-3 + 1 + -4))?
75
184 - (199 - (134 - 45))
74
What is -26 + -38 - -9 - 8?
-63
What is the value of (325 - 128) + -29 + -90?
78
Calculate (-1 + -1 - -10 - (-1285 - -1285)) + 5 - -31.
44
Evaluate 2 + 20 - (53 - (189 + -271)).
-113
What is the value of (-40 - -139 - -17) + -55?
61
What is 42 - (1011 - 979 - (0 - 134))?
-124
Calculate -30 + 1 + (6 + -1 - (83 - 163 - -73)).
-17
69 + -38 + -45 + 33 - -102
121
What is 8 + 29 + (-147 - -104) + (-25 - -2 - -1)?
-28
-18 - (-118 + 229 + -73)
-56
What is -1 + (5 - (81 - 10)) - (-6 - -13 - 3)?
-71
Evaluate 8904 - 8864 - (-1 - -49).
-8
What is -7 + (24 - 4 - 20) - 30?
-37
What is 57 - (12 + -14 + 36)?
23
What is the value of (1674 - 1671) + (2 - 1) + 25?
29
Calculate -54 + -41 + -49 + 213.
69
Evaluate 2 + (-24 - -13 - -2) + (6 - 13).
-14
What is the value of (-13 - -8) + (-1 - -123) + -167 + 165?
115
What is 16 - -19 - (5 - -143 - 25)?
-88
Evaluate -46 + (177 - (-24 - -67)) - (12 - (-1 - -3)).
78
Calculate 51 + -31 + -27 - 7.
-14
What is the value of (227 - 226) + (-12 - 0) - (2 - -1)?
-14
Evaluate (-89 - -142 - (-2 - -20)) + (4 - -3 - -2).
44
What is the value of -14 - ((-721 - -714) + (2 - 5) + (2 - 0))?
-6
Evaluate (135 - 177) + (-1 + 5 + 1 + -4 - 11).
-52
Calculate 9 - -11 - (7 + 27 + 7).
-21
Calculate -4 - 2 - (-23 + 71 + (0 - 6)).
-48
Evaluate 0 - 1 - (-39 - -232 - 194).
0
What is (9 - (-47 - 4)) + -18?
42
Calculate (-26 - (42 + -72)) + 7 + (-1 - 6) + 1.
5
Calculate (-3 + 10 - 12) + 7 + -24.
-22
-53 - ((62 - 23 - 35) + 2 + -12 + -2)
-45
Calculate (-3 - 44 - (-43 - -37)) + 12.
-29
What is the value of -59 - (-3 + (-97 - -45))?
-4
-1 + -14 - (45 - (94 + -59))
-25
Evaluate 50 + -32 - 86 - -27.
-41
Evaluate 121 + -144 + (3 - -2) + 1.
-17
What is 1 + -4 - ((-109 - -60) + (-2 - (-4 - -4)))?
48
33 + -151 + (6 - 22 - -46)
-88
Evaluate -2 + 3 - (-30 + (1 - (12 + -10))).
32
-6 - (-47 + -5) - (3 + -10) - (-83 + 70)
66
Calculate -8 - (28 - 15 - (-6 + 26) - -78).
-79
Calculate 1 - 8 - -6 - 4 - ((-79 - -28) + 7).
39
-55 - (14 - (-30 + -2 + 15))
-86
-56 - -32 - 39 - (-24 - 0)
-39
Evaluate 42 + -40 - (109 - (15 + 1)).
-91
Calculate -60 - (-87 - (-39 - 5)).
-17
What is the value of -3 - 30 - (-230 + 196)?
1
(68 - 28) + -36 + 14
18
What is the value of -43 - (-9 + -6 + 65 + -80)?
-13
Calculate 43 - ((152 - 33) + -62).
-14
31 + -19 - -3 - -2 - 97
-80
What is the value of 24 + 31 + -27 + (-41 - 4)?
-17
What is the value of -38 - (-47 - -31 - 6)?
-16
Evaluate -24 - -4 - (-205 - -157).
28
What is the value of (-23 + -1 - (-552 - -515)) + 11?
24
(8 - 1) + 1 + (-19 - -63 - -21)
73
Evaluate 28 - (68 + (-8 - 20)).
-12
(42 - (-71 - -109)) + 45
49
(-2 - 69) + (633 - 569)
-7
Calculate -31 + 41 - (-2 - -14) - (-20 - -54).
-36
What is (12 - 11) + -55 - (-3 - 3 - -13 - 11)?
-50
What is -19 + 5 + (2 - -54 - -22)?
64
What is -18 + 1 + 12 + (-87 - -66)?
-26
Evaluate (-113 - -75 - 46) + 94.
10
What is 1 + -5 + (-3 + 34 - (2 - 9))?
34
Calculate -30 - (-20 - (-12 - ((3 - -6) + 10 + -15))).
-26
What is the value of (12 - -9 - -16 - 93) + (2 - (-2 - -6))?
-58
What is the value of -19 + 27 - (271 + -216)?
-47
What is -3 + 35 + (20 + -1 - (171 - 162))?
42
(-2 - -33) + -7 + (8 - 8) + 3
27
What is 23 + 62 + -20 + 5 + 19 - 13?
76
What is -20 + -2 + -9 + 558 + -588?
-61
What is the value of 37 + -40 - -14 - (4 + 108) - -12?
-89
What is the value of (31 - 0 - 49) + -12 + 4?
-26
Evaluate 2 + -21 + (5 - -2) + 4 + 15.
7
What is -3 + 18 + -10 + -20 + 10?
-5
What is 87 + 3 + (1944 - 2017)?
17
Evaluate -292 + 364 + -23 + -85.
-36
What is (-36 - (-2 + -50)) + -1 + 10 + -2 + -2?
21
What is -18 + (1 - 7 - (322 - 329))?
-17
Evaluate (-16 - -12) + 6 - (3 + 7 + 20).
-28
Calculate (20 - -73) + -32 - (-7 + 14 - -1).
53
What is (-51 - -46) + 65 + -93?
-33
Calculate 13916 + -13881 - ((-1 - -148) + -1).
-111
Evaluate (18 + 56 - 22 - -17) + -16.
53
Evaluate (-10 + (4 - -19) - (-51 + 2)) + 11.
73
Calculate 1 + -34 + (1221 - 1160).
28
Evaluate (-2 - (-18 + 11)) + 6 + -22 + -5.
-16
-3 + (-40 + 25 + 23 - (1 + -7 - -7))
4
-1 + (1 - -4) - 53 - (6 - 15)
-40
-6 + (-1 - -32 - (-73 + 33 + 35))
30
Evaluate (-52 - -1) + (3406 - 3360).
-5
Evaluate 8 + -28 + 91 + -34.
37
Evaluate -34 + 3 - (15 + -15 + -3 + 6).
-34
-3487 - -3516 - (0 - -73)
-44
What is 40 + (-26 - -49) + -41 + 24?
46
What is the value of -12 + 14 + 28 - -31?
61
-1 + 86 - (2909 - 2782)
-42
(2 - 10) + (1 - (8 - 13)) - -41
39
Calculate (13 - -21 - 128) + 45.
-49
-88 + -16 + 31 + 11 - -18
-44
Evaluate (2 + -2 + 124 - (258 + -242)) + (-7 - -5).
106
What is the value of 20 + -15 + 16 + 26?
47
22 + -23 - (7 + (12 + -2 - 14))
-4
What is -8 + 3 + 13 + (26 - 26)?
8
Calculate (7 - 2) + -10 + 1 + -5 + 15.
6
What is the value of -2 + 10 - -6 - (18 - 7) - (20 - -3)?
-20
What is the value of 2 + 7 + (-4 - -1) + -6 + 64 + -17?
47
What is 50 + -21 - (2 + -19)?
46
What is (-3 - -43) + (-1024 - -951)?
-33
Calculate -10 + 26 + -15 - 31 - 0 - (5 - 0).
-35
What is (-4 + 9 - 0 - 0) + 373 + -504?
-126
Evaluate -2 + -1 - -14 - (-50 + 99).
-38
11 + -1 + (199 - 217) + 18 + 1 + -57
-46
Calculate 3 - -39 - (-15 + -14 - -20 - -6).
45
(47 - 3) + 3 + (6 - (7 - (-8 + 0)))
38
What is the value of (0 + 73 - (-5 - (-55 + 56))) + 10?
89
(832 - 831) + 3 + -1 + 0 + -1 + 10
12
Evaluate 20 + 14 + -13 + (-89 - 2 - 8).
-78
What is -103 + (-38 - -35 - -68)?
-38
Calculate -52 + 112 + -70 - (-1 + (0 - -34)).
-43
What is the value of (0 - 0 - 4) + (27 - 27) - (825 + -882)?
53
Calculate 0 + 0 + -427 + 447 + -3.
17
Calculate 8 - (-34 + (4 - (-20 - -14)) + -1).
33
Evaluate -14392 + 14388 - (43 + 0 + 1 + 2 + -2).
-48
Evaluate 24 + -15 + 24 + -50 + 13.
-4
Evaluate 38 + (-19 - 62) + 78.
35
What is 24 - (-43 + 10 + 2) - 21?
34
Calculate (-197 + 189 - (4 - 6)) + (48 - 3).
39
Evaluate 116 + (53 + -122 - -22).
69
What is the value of (-22 - (1 - 6)) + -59 + 75 + -76?
-77
Calculate 46 + -9 + -86 + -29 + 61.
-17
Calculate 2 + (5 - (-7 + 8)) + (-63 - -59).
2
What is the value of -75 - -38 - (-8 - 7) - 0?
-22
What is 15 - (69 + -71 + 62)?
-45
Evaluate (-2 - 17 - -12) + (-79 - -51).
-35
Evaluate 20 + -48 - -12 - (7 - -4 - -2).
-29
Calculate (-3 - -7 - -110) + -1 + (1 - -15) + -20.
109
What is -199 + 192 + (-75 - (4 + 2 + -5 + -5))?
-78
What is 27 + -122 + 36 + -22 + 36?
-45
What is 6 + (-15 - (14 + -31) - -19)?
27
What is the value of (-8 - -18 - 9) + -83 + -2 + -2?
-86
Evaluate 1 + 2 + 32 + (-11 - -14 - (-8 - -1)).
45
Evaluate (-4 - (-5 - 71)) + (-14 + 42 - 4